be -6 + 1/((-1)/(-2)). Let s be ((-2)/c)/(1/8). Suppose 7 = -s*r - 3*f, 0*f - 31 = -3*r + 5*f. What are the prime factors of r?
2
Let b be 8/14 - 5790/(-35). Let k = -116 + b. What are the prime factors of k?
2, 5
List the prime factors of (-2)/(6/(-75)) + -1.
2, 3
Suppose -72 + 238 = r. What are the prime factors of r?
2, 83
Suppose 0 = 5*x - 3*x - 440. List the prime factors of x.
2, 5, 11
Let i(a) = 0 + 0*a**2 + 0*a**2 + 5*a**2 + a + 1. Suppose -3*t = x - 2 - 3, -4*x = -4*t + 12. List the prime factors of i(x).
5
Let h = 505 + -265. What are the prime factors of h?
2, 3, 5
List the prime factors of 98/(-2*3/(-6)) - -3.
101
Suppose -3*z = h + 45, z = -5*h - 209 - 2. Let g = h - -65. List the prime factors of g.
23
Suppose -5*c = 2*r - 18 - 46, 4*c + 3*r = 54. Suppose 3*q + c = 7*q. List the prime factors of q.
3
Let y(j) = -19*j**3. List the prime factors of y(-1).
19
Suppose 14 = -2*s - 4*r, r - 11 = -2*s + 2*r. Suppose -2*g = -5*y + 25, -s*g + 0*y = 3*y - 15. Suppose -j + 1 + 8 = g. List the prime factors of j.
3
Let m = 45 + -18. List the prime factors of m.
3
Suppose 0*p = 4*p - 1128. List the prime factors of p.
2, 3, 47
List the prime factors of (83*(-2)/4)/(7/(-14)).
83
Let q = 215 - 149. Suppose -2*t + 5*t = q. List the prime factors of t.
2, 11
Suppose 5*k - 4*m - 992 = 0, -5*m = k - 73 - 108. List the prime factors of k.
2, 7
Let v(y) = 3*y**3 + 2*y - 7. What are the prime factors of v(3)?
2, 5
Let f be 1*-7*(-2 - -3). Let s = f + 11. List the prime factors of s.
2
Let r = -9 - -15. Let x(v) = v - 1. Let z be x(r). Suppose -4*p = 4*g - 36, -3*g - 4*p + z + 27 = 0. What are the prime factors of g?
2
Let b(z) = z**3 - z**2 + z + 6. Let i be b(0). Suppose o - i*o = -10. What are the prime factors of o?
2
Let j be 2*-1 - (5 - 7). List the prime factors of 12 + 0 + (j - -1).
13
Let q = -8 - -11. Suppose 4*k - 5*l - 88 = -0*k, 3*k + q*l = 66. List the prime factors of k.
2, 11
Let s = -2 - -2. Suppose -t + s*t + 17 = 3*m, 5*m = 20. What are the prime factors of t?
5
Let m(d) = d**3 + 11*d**2 - 6*d - 2. What are the prime factors of m(-8)?
2, 7, 17
Let y(x) = -12 - x**2 - 2*x**3 + 3*x**3 - x + 62. Let s be y(0). Suppose -h + s = 4*h. List the prime factors of h.
2, 5
Suppose 0 = 5*w - 15, -3*c - 2*w + 194 = -151. List the prime factors of c.
113
Suppose -2*g + 3*d = 27, 0 = -5*g + d - 2*d - 76. Let i = -3 + 0. What are the prime factors of (i/(-5))/((-3)/g)?
3
Let f = -20 + 28. Suppose 2*a - 52 - f = 2*b, b - 57 = -2*a. List the prime factors of a.
29
Suppose 7 + 15 = 2*k. Suppose 5*b = -3*r + 9, 4*b + 5*r = k + 4. Suppose 3*p - 1 - 14 = b. List the prime factors of p.
5
Let y = 8 - 3. Suppose y*n = -29 + 174. Let s = n + -17. List the prime factors of s.
2, 3
Let y(t) be the third derivative of -t**2 - 1/12*t**4 + 1/2*t**3 + 0*t + 0 + 1/60*t**5. List the prime factors of y(2).
3
Let c = 2 - -11. What are the prime factors of c?
13
Suppose -6*y = -5*y - 38. What are the prime factors of y?
2, 19
Suppose 0*f = -6*f + 600. List the prime factors of f.
2, 5
Suppose -131 = -2*c + 55. Suppose 2*r - 8 - 2 = 0. Suppose c = r*k + 3*u + 4, -5*u = -k + 1. List the prime factors of k.
2
List the prime factors of 11/((-22)/(-12)) + -2.
2
Let w be (-28)/(-10) - (-4)/20. Suppose 2*v - 2*j + 4*j = 20, w*j = -4*v + 44. What are the prime factors of v?
2, 7
Let m(n) = 8*n**2 - 9*n - 5 + 3*n**3 - 2*n**3 - 7. Let y be m(-9). Let a = -3 - y. List the prime factors of a.
3
Suppose -4*i + 5*q + 20 = -2*i, -2*i = q - 44. What are the prime factors of i?
2, 5
Suppose -4*s + 3*f + 81 = 201, 3*s + 85 = f. Let g be 2/8 - (-159)/4. Let l = s + g. What are the prime factors of l?
13
Let x(y) be the third derivative of y**5/20 - y**4/6 + y**3/3 - y**2. Let n(r) = 4*r**2 - 5*r + 2. Let b(t) = -4*n(t) + 5*x(t). List the prime factors of b(0).
2
Suppose 9*y = 6*y + 276. What are the prime factors of (y/(-10))/(4/(-10))?
23
Let r(p) = -p**2 - 9*p + 11. List the prime factors of r(-8).
19
Let h(x) = -2*x**2 + 13*x - 10. What are the prime factors of h(5)?
5
Suppose 0 = 2*w - w + 3*m, -4*w + 3*m = -45. List the prime factors of w.
3
Let u = 9 + -3. Let s(r) = -r**2 + u*r + 1 + 10 - 2. List the prime factors of s(7).
2
Let d = -2 - -3. Let p be -51*(-3)/9*d. Suppose -z = -p + 2. What are the prime factors of z?
3, 5
List the prime factors of 8/12*21/2.
7
Suppose 5*s + 1 = -p, -38 + 11 = 4*p - 3*s. Let m(u) = u**3 + 7*u**2 + 2*u - 6. List the prime factors of m(p).
2, 3
Let o(l) = l**3 - 8*l**2 + l - 3. Let r be o(7). Let v = r + 75. List the prime factors of v.
2, 3, 5
Suppose -n - 3*n + 84 = 0. Let a be -2*1 + 9/1. Suppose -a = -4*r + n. What are the prime factors of r?
7
Let k(s) = -6*s - 8. Let z be k(-6). Let h = z - 16. What are the prime factors of h?
2, 3
Suppose 0 = -n - n + 2, 0 = 2*c - n - 7. List the prime factors of c.
2
Suppose -3*f + 5*q + 62 = -0*f, -4*f = -3*q - 101. What are the prime factors of f?
29
Let y(d) = d**3 + 7*d**2 - 3*d + 5. Let h be 6/(-33) + (-75)/11. List the prime factors of y(h).
2, 13
Suppose 0 = -3*q - q + 28. Suppose -3*v + q*v = 60. List the prime factors of v.
3, 5
Suppose z - 5 = 2*m + 6*z, -2*z = -3*m + 21. List the prime factors of m.
5
Let w(t) = t + 3. Let m be w(-3). Suppose m*q = -5*q + 20. List the prime factors of (q/(-3))/(2/(-3)).
2
Let a = -122 + 172. Suppose -a = -8*m + 3*m. Let u = 19 - m. List the prime factors of u.
3
Let b = -7 - -7. Suppose b = -4*c + c + 33. What are the prime factors of c?
11
Let b = 4 + -7. Let l = b - -6. What are the prime factors of 2/(38/12 - l)?
2, 3
Suppose 3*o = 3 - 0. Let q = o + 20. What are the prime factors of q?
3, 7
Suppose -r - 1 - 2 = 0. What are the prime factors of r + (-2 - -7) + 21?
23
Let l(c) = c + 2. Let m = 2 - -5. What are the prime factors of l(m)?
3
Let y(s) = s**3 + 11*s**2 - 11*s + 15. Let j be y(-12). Suppose j*p = -2*p + 100. List the prime factors of p.
2, 5
Let d(a) = -a + 3. Let m be d(2). What are the prime factors of 22/1 - 3/m?
19
Suppose -6*s + 126 = -0*s. What are the prime factors of s?
3, 7
What are the prime factors of (1344/(-20))/4*-5?
2, 3, 7
Suppose -2*u = -0 - 10. Suppose 2*o + 16 = 3*i + 6*o, -35 = -u*i - 5*o. What are the prime factors of i?
2, 3
List the prime factors of 2 + (-108)/(-1) - (-6 - -3).
113
Let u(k) = 4*k + 108. List the prime factors of u(0).
2, 3
Suppose b - 37 = -5*c - b, -4*b - 24 = -4*c. Suppose 3*n - 20 = c*n. List the prime factors of (n - -2)/((-1)/3).
3
Let p(t) = -t**3 - 2*t**2 - t. Let c be p(-2). Suppose -c = k - 4. Suppose -2*o + 3*r - 8 = -3*o, -5*o = k*r - 40. What are the prime factors of o?
2
List the prime factors of (67/5)/(2/10).
67
Let p(v) = 6 - v + 3 - 6. What are the prime factors of p(-11)?
2, 7
List the prime factors of (-8007)/(-34) - (6/(-4))/3.
2, 59
Let n(y) = 5*y**2 - 3*y - 6. List the prime factors of n(-6).
2, 3
Let s = 95 + -35. List the prime factors of s.
2, 3, 5
Suppose 8*t - 19*t + 1375 = 0. What are the prime factors of t?
5
Suppose 0 = j + 4*d - 46, -168 = -4*j - 3*d + 81. What are the prime factors of j?
2, 3, 11
Let k be 1 + 2 - (20 + 1). What are the prime factors of 8/(-3)*k/12?
2
Suppose 2*f = 2*c - 14, 4*c + 5*f + 4 = -4. Let x = 0 - -5. Suppose x*p = c + 67. What are the prime factors of p?
2, 7
Let r(p) = -2*p**2 - 11*p. Let a be r(-5). Suppose 2*b = -4*i + 66, i - 3*i = -a*b - 15. What are the prime factors of i?
3, 5
Let b = 225 - 19. What are the prime factors of b?
2, 103
Suppose -2*n = -5*n + 2*g + 85, -4*n + 4*g = -112. List the prime factors of n.
29
Suppose -3*y = -y + 5*l - 10, -38 = -2*y + 2*l. Suppose -3*z = 2*z - y. List the prime factors of z.
3
What are the prime factors of (12/14)/(4/14)?
3
Let v(d) = -d**3 + d**2 - d + 9. Let f be v(0). Let h(i) = f*i**2 + i + 0*i**2 - 2*i**2. List the prime factors of h(1).
2
Let t(s) = s**3 + s**2 + s + 9. Suppose 0 = 2*f + 3*f. List the prime factors of t(f).
3
Suppose -d - 31 = -4*d + 5*v, 2*v - 25 = -d. Suppose 10*f - 2*c = 5*f + 50, d = f + c. List the prime factors of f.
2, 3
Let i be ((-2)/(-8))/((-6)/(-24)). Let h = 1 + i. Suppose 55 = -2*l + 7*l - s, -h*s - 40 = -3*l. What are the prime factors of l?
2, 5
Suppose -4*q + 7 = -9. Suppose -3*x = -q*x - 7. What are the prime factors of -2 - (1 - (0 - x))?
2
Suppose 2*y - 7*y - 3*h 